{"id":1836,"date":"2025-03-03T22:00:46","date_gmt":"2025-03-03T22:00:46","guid":{"rendered":"https:\/\/www.gen3.com.co\/?post_type=product&#038;p=1836"},"modified":"2025-03-10T22:35:32","modified_gmt":"2025-03-10T22:35:32","slug":"galletas-monasticas-de-la-alegria-y-la-inteligencia","status":"publish","type":"product","link":"https:\/\/www.gen3.com.co\/?product=galletas-monasticas-de-la-alegria-y-la-inteligencia","title":{"rendered":"Galletas Mon\u00e1sticas de la Alegr\u00eda y la Inteligencia"},"content":{"rendered":"<p>\ud83c\udf3f<strong> Galletas Mon\u00e1sticas de la Alegr\u00eda y la Inteligencia (450 g)<\/strong>\ud83c\udf3f<br \/>\nSanta Hildegarda dice:<br \/>\n\u00abLa persona pulverice nuez moscada y el mismo peso de canela y algo menos de clavo. Prepare tortitas con ese polvo, flor de harina de espelta y un poco de agua y c\u00f3malas a menudo, y le ahogar\u00e1n toda la amargura del coraz\u00f3n y de su esp\u00edritu, le abrir\u00e1n sus embotados sentidos, le alegrar\u00e1n el esp\u00edritu y le disminuir\u00e1n todos sus humores nocivos. Adem\u00e1s, su sangre tendr\u00e1 una buena composici\u00f3n y le dar\u00e1 la capacidad de actuar.\u00bb<\/p>\n<p>\ud83c\udf3e M\u00e1s informaci\u00f3n sobre las Galletas de la Alegr\u00eda y la Inteligencia \ud83c\udf3e<br \/>\nEn Gen #3 \u2013 Productos Ca\u00eddos del Cielo, hemos recuperado esta receta tradicional de Santa Hildegarda, recomendada para fortalecer el sistema nervioso, el coraz\u00f3n y promover el equilibrio emocional.<\/p>\n<p>\ud83d\udca1 Seg\u00fan Santa Hildegarda, los nervios sanos dependen de la armon\u00eda de los cinco sentidos:<br \/>\n\u2714 Ojos penetrantes \ud83d\udc40<br \/>\n\u2714 Un o\u00eddo agudo \ud83d\udc42<br \/>\n\u2714 Un sentido del gusto y del olfato bien desarrollado \ud83d\udc43\ud83d\udc45<br \/>\n\u2714 Un tacto refinado \ud83e\udd32<\/p>\n<p>Estas galletas vigorizan estos \u00f3rganos y retrasan su envejecimiento, proporcionando:<br \/>\n\u2714 Aspecto jovial y esp\u00edritu alegre, seg\u00fan Santa Hildegarda.<br \/>\n\u2714 Alivio para el coraz\u00f3n apesadumbrado, seg\u00fan Santa Hildegarda.<br \/>\n\u2714 Fortalecimiento de los nervios y la concentraci\u00f3n, seg\u00fan Santa Hildegarda.<\/p>\n<p>\ud83c\udf3f Beneficios seg\u00fan Santa Hildegarda \ud83c\udf3f<br \/>\n\u2714 Remedio natural para fortalecer los nervios y el coraz\u00f3n.<br \/>\n\u2714 Mejora el rendimiento mental y combate la debilidad nerviosa.<br \/>\n\u2714 Elimina el estr\u00e9s y protege contra la depresi\u00f3n y la melancol\u00eda.<br \/>\n\u2714 Mejora la irrigaci\u00f3n sangu\u00ednea cerebral y la claridad mental.<br \/>\n\u2714 Ayuda a la tranquilidad en casos de ansiedad y fatiga mental.<\/p>\n<p>\ud83d\udccc Modo de uso seg\u00fan Santa Hildegarda<br \/>\n\u26a0 IMPORTANTE: Estas galletas son un remedio curativo, no una golosina.<\/p>\n<p>\ud83d\udc49 Dosis recomendada:<br \/>\n\u2714 Adultos: De tres a cinco galletas diarias por un per\u00edodo prolongado.<br \/>\n\u2714 En casos agudos: Se pueden tomar dos galletas cada hora.<br \/>\n\u2714 Ni\u00f1os: No deben consumir m\u00e1s de tres galletas diarias.<\/p>\n<p>\ud83c\udf3e Ingredientes Naturales \ud83c\udf3e<br \/>\n\u2714 Harina de espelta \ud83c\udf3f<br \/>\n\u2714 Mantequilla \ud83e\uddc8<br \/>\n\u2714 Az\u00facar de ca\u00f1a \ud83c\udf6f<br \/>\n\u2714 Huevo fresco \ud83e\udd5a<br \/>\n\u2714 Almendras \ud83c\udf30<br \/>\n\u2714 Nuez moscada \u2728<br \/>\n\u2714 Canela \ud83c\udf3f<br \/>\n\u2714 Clavo \ud83c\udf38<\/p>\n<p>Disfruta del poder sanador de los alimentos revelados por Santa Hildegarda, ahora disponibles gracias a Gen #3.<\/p>\n<p>\ud83d\udce9 Cont\u00e1ctanos para m\u00e1s informaci\u00f3n y pedidos.<\/p>\n","protected":false},"excerpt":{"rendered":"<p>\ud83c\udf3f\u2728<strong> \u00a1Descubre la sabidur\u00eda de Santa Hildegarda en cada bocado!<\/strong> \u2728\ud83c\udf3f<\/p>\n<p>Las Galletas Mon\u00e1sticas de la Alegr\u00eda y la Inteligencia, que se inspiran en las ense\u00f1anzas de Santa Hildegarda de Bingen, son un remedio ancestral dise\u00f1ado para nutrir el cuerpo, elevar el esp\u00edritu y agudizar la mente. Elaboradas con harina de espelta, nuez moscada, canela y clavo, estas galletas favorecen la claridad mental, el equilibrio emocional y el bienestar general.<\/p>\n<p>M\u00e1s que un simple capricho, son un remedio natural para fortalecer el sistema nervioso y el coraz\u00f3n, ayudando a aliviar el estr\u00e9s y restablecer la armon\u00eda interior. \u00a1Disfruta de una forma deliciosa de reconectarte con el poder de la naturaleza y la tradici\u00f3n!<\/p>\n","protected":false},"featured_media":1945,"comment_status":"open","ping_status":"closed","template":"","meta":{"_kadence_starter_templates_imported_post":false,"_kad_post_transparent":"default","_kad_post_title":"","_kad_post_layout":"default","_kad_post_sidebar_id":"","_kad_post_content_style":"default","_kad_post_vertical_padding":"default","_kad_post_feature":"","_kad_post_feature_position":"","_kad_post_header":false,"_kad_post_footer":false},"product_brand":[],"product_cat":[15,30],"product_tag":[],"class_list":{"0":"post-1836","1":"product","2":"type-product","3":"status-publish","4":"has-post-thumbnail","6":"product_cat-uncategorized","7":"product_cat-cereal","9":"first","10":"instock","11":"shipping-taxable","12":"purchasable","13":"product-type-simple","14":"entry","15":"content-bg","16":"loop-entry"},"_links":{"self":[{"href":"https:\/\/www.gen3.com.co\/index.php?rest_route=\/wp\/v2\/product\/1836","targetHints":{"allow":["GET"]}}],"collection":[{"href":"https:\/\/www.gen3.com.co\/index.php?rest_route=\/wp\/v2\/product"}],"about":[{"href":"https:\/\/www.gen3.com.co\/index.php?rest_route=\/wp\/v2\/types\/product"}],"replies":[{"embeddable":true,"href":"https:\/\/www.gen3.com.co\/index.php?rest_route=%2Fwp%2Fv2%2Fcomments&post=1836"}],"wp:featuredmedia":[{"embeddable":true,"href":"https:\/\/www.gen3.com.co\/index.php?rest_route=\/wp\/v2\/media\/1945"}],"wp:attachment":[{"href":"https:\/\/www.gen3.com.co\/index.php?rest_route=%2Fwp%2Fv2%2Fmedia&parent=1836"}],"wp:term":[{"taxonomy":"product_brand","embeddable":true,"href":"https:\/\/www.gen3.com.co\/index.php?rest_route=%2Fwp%2Fv2%2Fproduct_brand&post=1836"},{"taxonomy":"product_cat","embeddable":true,"href":"https:\/\/www.gen3.com.co\/index.php?rest_route=%2Fwp%2Fv2%2Fproduct_cat&post=1836"},{"taxonomy":"product_tag","embeddable":true,"href":"https:\/\/www.gen3.com.co\/index.php?rest_route=%2Fwp%2Fv2%2Fproduct_tag&post=1836"}],"curies":[{"name":"wp","href":"https:\/\/api.w.org\/{rel}","templated":true}]}}