{"id":1442,"date":"2025-01-30T21:12:25","date_gmt":"2025-01-30T21:12:25","guid":{"rendered":"https:\/\/www.gen3.com.co\/?post_type=product&#038;p=1442"},"modified":"2025-02-21T22:11:03","modified_gmt":"2025-02-21T22:11:03","slug":"piedra-cornalina-perforada","status":"publish","type":"product","link":"https:\/\/www.gen3.com.co\/?product=piedra-cornalina-perforada","title":{"rendered":"Piedra cornalina perforada"},"content":{"rendered":"<p>Cornalina &#8211; Resumen para Redes Sociales<br \/>\nLa cornalina es una piedra de la familia de las calcedonias, caracterizada por su color anaranjado, amarillo acaramelado o rojizo. Se encuentra en cavidades de rocas volc\u00e1nicas y ha sido apreciada desde la antig\u00fcedad por sus propiedades protectoras y curativas.<\/p>\n<p>Beneficios seg\u00fan Santa Hildegarda:<br \/>\n\ud83d\udd39 Ayuda a regular los humores corporales.<br \/>\n\ud83d\udd39 Recomendada para detener hemorragias nasales.<br \/>\n\ud83d\udd39 Mejora la circulaci\u00f3n sangu\u00ednea y fortalece el coraz\u00f3n.<br \/>\n\ud83d\udd39 Aporta energ\u00eda y vitalidad al organismo.<\/p>\n<p>Modo de uso:<br \/>\n\u27a1\ufe0f Para detener hemorragias nasales: Calentar vino, introducir la cornalina dentro y beber.<\/p>\n<p>\ud83d\udcdc Santa Hildegarda dice:<br \/>\n\u00abSi a alguien le sale sangre de la nariz, caliente vino y ponga dentro una cornalina, y d\u00e9selo a beber, as\u00ed la sangre dejar\u00e1 de salir.\u00bb\u200b<\/p>\n","protected":false},"excerpt":{"rendered":"<p>\u2728 Una piedra con historia y poder natural, utilizada desde tiempos antiguos UN REGALO DEL CIELO. \u2728<\/p>\n","protected":false},"featured_media":1443,"comment_status":"open","ping_status":"closed","template":"","meta":{"_kadence_starter_templates_imported_post":true,"_kad_post_transparent":"default","_kad_post_title":"","_kad_post_layout":"default","_kad_post_sidebar_id":"","_kad_post_content_style":"default","_kad_post_vertical_padding":"default","_kad_post_feature":"","_kad_post_feature_position":"","_kad_post_header":false,"_kad_post_footer":false},"product_brand":[],"product_cat":[25],"product_tag":[],"class_list":{"0":"post-1442","1":"product","2":"type-product","3":"status-publish","4":"has-post-thumbnail","6":"product_cat-piedra","8":"first","9":"instock","10":"shipping-taxable","11":"purchasable","12":"product-type-simple","13":"entry","14":"content-bg","15":"loop-entry"},"_links":{"self":[{"href":"https:\/\/www.gen3.com.co\/index.php?rest_route=\/wp\/v2\/product\/1442","targetHints":{"allow":["GET"]}}],"collection":[{"href":"https:\/\/www.gen3.com.co\/index.php?rest_route=\/wp\/v2\/product"}],"about":[{"href":"https:\/\/www.gen3.com.co\/index.php?rest_route=\/wp\/v2\/types\/product"}],"replies":[{"embeddable":true,"href":"https:\/\/www.gen3.com.co\/index.php?rest_route=%2Fwp%2Fv2%2Fcomments&post=1442"}],"wp:featuredmedia":[{"embeddable":true,"href":"https:\/\/www.gen3.com.co\/index.php?rest_route=\/wp\/v2\/media\/1443"}],"wp:attachment":[{"href":"https:\/\/www.gen3.com.co\/index.php?rest_route=%2Fwp%2Fv2%2Fmedia&parent=1442"}],"wp:term":[{"taxonomy":"product_brand","embeddable":true,"href":"https:\/\/www.gen3.com.co\/index.php?rest_route=%2Fwp%2Fv2%2Fproduct_brand&post=1442"},{"taxonomy":"product_cat","embeddable":true,"href":"https:\/\/www.gen3.com.co\/index.php?rest_route=%2Fwp%2Fv2%2Fproduct_cat&post=1442"},{"taxonomy":"product_tag","embeddable":true,"href":"https:\/\/www.gen3.com.co\/index.php?rest_route=%2Fwp%2Fv2%2Fproduct_tag&post=1442"}],"curies":[{"name":"wp","href":"https:\/\/api.w.org\/{rel}","templated":true}]}}